 prime?
True
Is 141617 composite?
True
Is 24587 a prime number?
False
Is 44095 a composite number?
True
Is 64553 prime?
True
Is 119 composite?
True
Is 2429 composite?
True
Is 14545 composite?
True
Is 3671 composite?
False
Is 267923 composite?
True
Is 60497 a prime number?
True
Is 1033631 composite?
False
Is 91909 a prime number?
True
Is 869137 composite?
False
Is 181867 a composite number?
True
Is 8653 composite?
True
Is 340757 prime?
True
Is 214 a prime number?
False
Is 62383 prime?
True
Is 341 a composite number?
True
Is 178359 composite?
True
Is 530203 a prime number?
True
Is 81521 a composite number?
True
Is 5623 prime?
True
Is 14501 a composite number?
True
Is 503743 a prime number?
True
Is 2608249 prime?
False
Is 7594 prime?
False
Is 1759697 a prime number?
False
Is 69743 composite?
True
Is 379 prime?
True
Is 251 composite?
False
Is 4937 prime?
True
Is 7558 a prime number?
False
Is 2799079 a prime number?
False
Is 838193 a composite number?
False
Is 771 composite?
True
Is 13291 a prime number?
True
Is 420691 prime?
True
Is 62203 a prime number?
False
Is 2287 prime?
True
Is 1949 a prime number?
True
Is 455417 a prime number?
False
Is 6547 a composite number?
False
Is 23181 composite?
True
Is 45179 composite?
False
Is 37171 a composite number?
False
Is 768031 composite?
True
Is 4531 composite?
True
Is 98006 a composite number?
True
Is 6991 prime?
True
Is 31435 composite?
True
Is 1039 prime?
True
Is 238559 prime?
False
Is 31531 a composite number?
False
Is 572569 a composite number?
True
Is 30035 prime?
False
Is 1277 a prime number?
True
Is 130519 a composite number?
True
Is 29411 composite?
False
Is 49721 a composite number?
True
Is 807253 a prime number?
False
Is 230081 a prime number?
True
Is 951221 composite?
False
Is 247067 composite?
False
Is 71377 a prime number?
False
Is 633359 prime?
True
Is 2285 composite?
True
Is 275573 composite?
False
Is 19171 prime?
False
Is 2446 composite?
True
Is 853 prime?
True
Is 211 a prime number?
True
Is 40693 prime?
True
Is 2231 composite?
True
Is 442347 composite?
True
Is 101081 composite?
False
Is 696565 prime?
False
Is 22807 a composite number?
False
Is 986903 prime?
True
Is 35831 prime?
True
Is 136237 a prime number?
True
Is 227743 prime?
True
Is 5989 a prime number?
False
Is 21849 a composite number?
True
Is 47623 prime?
True
Is 42817 composite?
True
Is 48017 prime?
True
Is 20051 a composite number?
False
Is 20989 a prime number?
False
Is 755407 composite?
True
Is 51599 a composite number?
False
Is 102693 a prime number?
False
Is 21055 prime?
False
Is 52147 composite?
False
Is 15509 prime?
False
Is 169445 composite?
True
Is 650669 a prime number?
True
Is 56923 composite?
False
Is 2119 composite?
True
Is 2533 prime?
False
Is 4942045 a prime number?
False
Is 10667 composite?
False
Is 311789 a prime number?
False
Is 1350911 a prime number?
True
Is 423383 composite?
True
Is 2509 a composite number?
True
Is 77 prime?
False
Is 185267 composite?
False
Is 427513 a composite number?
False
Is 24203 prime?
True
Is 1484737 a composite number?
False
Is 23915 a prime number?
False
Is 1013722 a prime number?
False
Is 2279 prime?
False
Is 1385273 a prime number?
True
Is 12791 prime?
True
Is 349171 a prime number?
True
Is 6521 a composite number?
False
Is 18833 composite?
True
Is 45329 a composite number?
False
Is 110243 a prime number?
False
Is 48731 composite?
False
Is 15427 composite?
False
Is 10687 a prime number?
True
Is 1397 a composite number?
True
Is 267 composite?
True
Is 1361303 a prime number?
False
Is 31643 a prime number?
True
Is 22045 a prime number?
False
Is 12619 a prime number?
True
Is 25391 a composite number?
False
Is 487037 a prime number?
False
Is 19438 a composite number?
True
Is 81737 composite?
False
Is 5317 prime?
False
Is 54415 prime?
False
Is 41381 prime?
True
Is 215297 a prime number?
True
Is 17783 prime?
True
Is 9451135 prime?
False
Is 808457 a prime number?
False
Is 598273 a composite number?
True
Is 1019467 a prime number?
True
Is 19901 a composite number?
True
Is 3086 a prime number?
False
Is 16349 prime?
True
Is 591461 composite?
True
Is 1861 a composite number?
False
Is 14369 a prime number?
True
Is 8641 composite?
False
Is 336307 composite?
False
Is 22054 a prime number?
False
Is 1604377 a composite number?
True
Is 105514 a composite number?
True
Is 31549 a composite number?
True
Is 292819 prime?
True
Is 6610463 a prime number?
False
Is 24223 prime?
True
Is 631115 a composite number?
True
Is 91066 prime?
False
Is 20507 composite?
False
Is 9533 prime?
True
Is 3263 composite?
True
Is 277531 a prime number?
True
Is 3163 prime?
True
Is 58573 a prime number?
True
Is 607211 a composite number?
True
Is 467 prime?
True
Is 111209 a prime number?
False
Is 2777 composite?
False
Is 5323 a prime number?
True
Is 3597227 a composite number?
False
Is 1093927 composite?
False
Is 134083 composite?
True
Is 61091 a composite number?
False
Is 177673 composite?
True
Is 4424209 a prime number?
True
Is 1189 a prime number?
False
Is 424397 prime?
True
Is 1931 a composite number?
False
Is 668029 a prime number?
True
Is 1554899 composite?
False
Is 27049 a prime number?
False
Is 887 a composite number?
False
Is 286309 prime?
False
Is 634081 composite?
True
Is 645521 a prime number?
True
Is 143989 a composite number?
True
Is 12097 composite?
False
Is 166213 a composite number?
True
Is 15511 prime?
True
Is 187751 composite?
False
Is 35209 a composite number?
True
Is 4091 a composite number?
False
Is 53617 a composite number?
False
Is 907 composite?
False
Is 11281 a prime number?
False
Is 268271 composite?
False
Is 11293 prime?
False
Is 24169 prime?
True
Is 138497 a composite number?
False
Is 31895 a composite number?
True
Is 75523 composite?
True
Is 8929 a prime number?
True
Is 258751 prime?
False
Is 68729 a prime number?
True
Is 6619 prime?
True
Is 73693 a composite number?
False
Is 479861 a composite number?
False
Is 4327 composite?
False
Is 5113 a prime number?
True
Is 119549 composite?
False
Is 197939 a composite number?
True
Is 5821 a composite number?
False
Is 6051 a prime number?
False
Is 541693 a prime number?
True
Is 32861 a composite number?
True
Is 507921 a prime number?
False
Is 389138 composite?
True
Is 565 a prime number?
False
Is 8923 a prime number?
True
Is 4281 a composite number?
True
Is 475037 a composite number?
False
Is 637953 a prime number?
False
Is 19109 composite?
True
Is 417442 composite?
True
Is 20645 prime?
False
Is 106901 a prime number?
False
Is 22531 a composite number?
False
Is 33899 a composite number?
True
Is 8031 a prime number?
False
Is 154221 prime?
False
Is 73121 prime?
True
Is 29789 a composite number?
False
Is 464699 a composite number?
False
Is 316487 a composite number?
True
Is 316127 a prime number?
False
Is 156091 prime?
False
Is 817403 a prime number?
True
Is 57977 composite?
False
Is 52433 a composite number?
False
Is 266719 prime?
True
Is 42215 prime?
False
Is 173503 composite?
True
Is 7597 composite?
True
Is 164867 prime?
False
Is 23113 prime?
False
Is 24223 prime?
True
Is 34607 prime?
True
Is 1559 composite?
False
Is 12477 prime?
False
Is 90353 a prime number?
True
Is 5737 prime?
True
Is 92091 a composite number?
True
Is 88039 a composite number?
True
Is 17497 composite?
False
Is 1079657 a composite number?
True
Is 387071 a prime number?
True
Is 18211 composite?
False
Is 929 a composite number?
False
Is 11335 composite?
True
Is 74131 prime?
True
Is 1960885 a composite number?
True
Is 2510017 prime?
True
Is 2361 a prime number?
False
Is 29231 a prime number?
True
Is 223 composite?
False
Is 292037 a prime number?
True
Is 3081391 prime?
True
Is 237467 a prime number?
True
Is 445015 a prime number?
False
Is 229423 a prime number?
True
Is 6287 a prime number?
True
Is 226409 composite?
False
Is 24994 composite?
True
Is 10481 a composite number?
True
Is 8501 composite?
False
Is 1949 a composite number?
False
Is 353293 a composite number?
False
Is 587 a prime number?
True
Is 15959 a prime number?
True
Is 145295 prime?
False
Is 30047 prime?
True
Is 1651 composite?
True
Is 25618 composite?
True
Is 7937 a composite number?
False
Is 99223 prime?
True
Is 323417 a prime number?
False
Is 183003 prime?
False
Is 40841 prime?
True
Is 315113 a composite number?
True
Is 2317 